78 is divided by 1100?
78
What is the remainder when 2267 is divided by 1115?
37
Calculate the remainder when 558 is divided by 351.
207
What is the remainder when 217710 is divided by 5582?
12
Calculate the remainder when 4897 is divided by 1805.
1287
What is the remainder when 25812 is divided by 93?
51
What is the remainder when 60327 is divided by 901?
861
Calculate the remainder when 20164 is divided by 5.
4
What is the remainder when 100827 is divided by 569?
114
Calculate the remainder when 2843 is divided by 203.
1
Calculate the remainder when 16970 is divided by 1287.
239
Calculate the remainder when 813617 is divided by 78.
77
What is the remainder when 10973 is divided by 5451?
71
What is the remainder when 8642 is divided by 829?
352
What is the remainder when 3372 is divided by 1682?
8
What is the remainder when 12232 is divided by 6?
4
What is the remainder when 17380 is divided by 753?
61
Calculate the remainder when 735 is divided by 3.
0
What is the remainder when 8295 is divided by 6728?
1567
What is the remainder when 3926 is divided by 784?
6
What is the remainder when 3124 is divided by 130?
4
What is the remainder when 305365 is divided by 392?
389
What is the remainder when 36088 is divided by 633?
7
Calculate the remainder when 2176 is divided by 62.
6
What is the remainder when 202227 is divided by 13?
12
What is the remainder when 838154 is divided by 41?
32
What is the remainder when 216210 is divided by 1638?
1632
Calculate the remainder when 1800 is divided by 450.
0
Calculate the remainder when 37179 is divided by 310.
289
Calculate the remainder when 1809865 is divided by 138.
133
Calculate the remainder when 212462 is divided by 196.
194
What is the remainder when 533632 is divided by 2143?
25
Calculate the remainder when 928 is divided by 102.
10
Calculate the remainder when 5150 is divided by 458.
112
Calculate the remainder when 63665 is divided by 191.
62
What is the remainder when 8929 is divided by 876?
169
Calculate the remainder when 1153 is divided by 21.
19
What is the remainder when 456803 is divided by 76129?
29
Calculate the remainder when 4685 is divided by 116.
45
Calculate the remainder when 48796 is divided by 21.
13
Calculate the remainder when 42222 is divided by 41.
33
What is the remainder when 22782 is divided by 278?
264
What is the remainder when 48505 is divided by 23?
21
Calculate the remainder when 49303 is divided by 12325.
3
What is the remainder when 319926 is divided by 214?
210
Calculate the remainder when 182878 is divided by 14.
10
Calculate the remainder when 391200 is divided by 195595.
10
What is the remainder when 14679 is divided by 69?
51
What is the remainder when 3383 is divided by 422?
7
What is the remainder when 9486 is divided by 58?
32
What is the remainder when 291358 is divided by 60?
58
Calculate the remainder when 6345839 is divided by 772.
771
Calculate the remainder when 2043 is divided by 102.
3
What is the remainder when 17110 is divided by 1710?
10
Calculate the remainder when 4209471 is divided by 136.
135
What is the remainder when 7556 is divided by 135?
131
What is the remainder when 1281 is divided by 419?
24
Calculate the remainder when 38435 is divided by 4793.
91
Calculate the remainder when 7788862 is divided by 452.
450
What is the remainder when 15107 is divided by 834?
95
What is the remainder when 27422 is divided by 203?
17
What is the remainder when 3480 is divided by 53?
35
Calculate the remainder when 72771 is divided by 35.
6
Calculate the remainder when 202679 is divided by 65.
9
What is the remainder when 23956 is divided by 147?
142
Calculate the remainder when 268684 is divided by 134334.
16
What is the remainder when 977 is divided by 81?
5
What is the remainder when 4524 is divided by 16?
12
Calculate the remainder when 27738 is divided by 9242.
12
Calculate the remainder when 1253 is divided by 488.
277
What is the remainder when 1829 is divided by 1684?
145
What is the remainder when 2028 is divided by 1964?
64
Calculate the remainder when 102225 is divided by 38.
5
What is the remainder when 515000 is divided by 159?
158
What is the remainder when 15491 is divided by 7729?
33
Calculate the remainder when 6634 is divided by 454.
278
What is the remainder when 4883 is divided by 44?
43
Calculate the remainder when 27663 is divided by 264.
207
What is the remainder when 10932 is divided by 5466?
0
Calculate the remainder when 456390 is divided by 82.
60
What is the remainder when 7428 is divided by 1484?
8
Calculate the remainder when 1057 is divided by 43.
25
What is the remainder when 25782 is divided by 437?
436
What is the remainder when 33544 is divided by 194?
176
What is the remainder when 40467 is divided by 41?
0
Calculate the remainder when 8796 is divided by 523.
428
What is the remainder when 145053 is divided by 145051?
2
Calculate the remainder when 170932 is divided by 117.
112
What is the remainder when 605 is divided by 95?
35
Calculate the remainder when 299477 is divided by 7.
3
Calculate the remainder when 12070 is divided by 4019.
13
Calculate the remainder when 11722 is divided by 618.
598
Calculate the remainder when 68283 is divided by 172.
171
What is the remainder when 33694 is divided by 78?
76
What is the remainder when 11211 is divided by 165?
156
Calculate the remainder when 4121 is divided by 111.
14
Calculate the remainder when 1245525 is divided by 11.
6
What is the remainder when 199677 is divided by 238?
233
What is the remainder when 2087 is divided by 76?
35
What is the remainder when 31140 is divided by 76?
56
Calculate the remainder when 450 is divided by 237.
213
Calculate the remainder when 513335 is divided by 588.
11
Calculate the remainder when 9073 is divided by 695.
38
What is the remainder when 4236749 is divided by 305?
299
Calculate the remainder when 2149 is divided by 199.
159
Calculate the remainder when 165552 is divided by 67.
62
What is the remainder when 9867 is divided by 89?
77
What is the remainder when 652 is divided by 189?
85
What is the remainder when 485689 is divided by 85?
84
What is the remainder when 15569 is divided by 3874?
73
Calculate the remainder when 2474 is divided by 8.
2
What is the remainder when 61016 is divided by 744?
8
What is the remainder when 79937 is divided by 575?
12
What is the remainder when 16511 is divided by 145?
126
Calculate the remainder when 1086342 is divided by 736.
6
Calculate the remainder when 80649 is divided by 282.
279
Calculate the remainder when 93787 is divided by 203.
1
Calculate the remainder when 4689 is divided by 79.
28
Calculate the remainder when 62408 is divided by 6.
2
Calculate the remainder when 46312 is divided by 747.
745
Calculate the remainder when 1225160 is divided by 29.
26
Calculate the remainder when 357 is divided by 123.
111
Calculate the remainder when 88737 is divided by 22152.
129
Calculate the remainder when 2872 is divided by 25.
22
Calculate the remainder when 1663330 is divided by 243.
238
Calculate the remainder when 184007 is divided by 10.
7
Calculate the remainder when 1126 is divided by 64.
38
Calculate the remainder when 9970 is divided by 1661.
4
Calculate the remainder when 90448 is divided by 41.
2
Calculate the remainder when 198275 is divided by 246.
245
Calculate the remainder when 165084 is divided by 224.
220
What is the remainder when 2257 is divided by 448?
17
Calculate the remainder when 119831 is divided by 13.
10
What is the remainder when 2729594 is divided by 11?
10
Calculate the remainder when 4576 is divided by 1470.
166
Calculate the remainder when 649431 is divided by 451.
442
Calculate the remainder when 17524 is divided by 278.
10
What is the remainder when 31051 is divided by 609?
601
Calculate the remainder when 2312 is divided by 712.
176
What is the remainder when 1607 is divided by 345?
227
Calculate the remainder when 1362048 is divided by 97289.
2
Calculate the remainder when 25589 is divided by 3646.
67
What is the remainder when 149107 is divided by 1156?
1139
Calculate the remainder when 2685 is divided by 207.
201
Calculate the remainder when 3527693 is divided by 46.
45
What is the remainder when 331 is divided by 27?
7
Calculate the remainder when 18756 